CRAN Package Check Results for Package Rblpapi

Last updated on 2021-01-23 11:48:22 CET.

Flavor Version Tinstall Tcheck Ttotal Status Flags
r-devel-linux-x86_64-debian-clang 0.3.10 157.99 31.75 189.74 NOTE
r-devel-linux-x86_64-debian-gcc 0.3.10 98.98 25.33 124.31 NOTE
r-devel-linux-x86_64-fedora-clang 0.3.10 281.57 NOTE
r-devel-linux-x86_64-fedora-gcc 0.3.10 236.71 NOTE
r-devel-windows-ix86+x86_64 0.3.10 360.00 141.00 501.00 NOTE
r-patched-linux-x86_64 0.3.10 119.26 31.06 150.32 NOTE
r-release-linux-x86_64 0.3.10 114.86 30.79 145.65 NOTE
r-release-macos-x86_64 0.3.10 NOTE
r-release-windows-ix86+x86_64 0.3.10 286.00 141.00 427.00 NOTE
r-oldrel-macos-x86_64 0.3.10 NOTE
r-oldrel-windows-ix86+x86_64 0.3.10 277.00 158.00 435.00 NOTE

Additional issues

M1mac M1mac

Check Details

Version: 0.3.10
Check: whether package can be installed
Result: NOTE
    Found the following notes/warnings:
     Non-staged installation was used
Flavors: r-devel-linux-x86_64-debian-clang, r-devel-linux-x86_64-debian-gcc, r-devel-linux-x86_64-fedora-clang, r-devel-linux-x86_64-fedora-gcc, r-devel-windows-ix86+x86_64, r-patched-linux-x86_64, r-release-linux-x86_64, r-release-macos-x86_64, r-release-windows-ix86+x86_64, r-oldrel-macos-x86_64, r-oldrel-windows-ix86+x86_64

Version: 0.3.10
Check: installed package size
Result: NOTE
     installed size is 16.1Mb
     sub-directories of 1Mb or more:
     blp 7.1Mb
     libs 8.0Mb
Flavors: r-devel-linux-x86_64-fedora-clang, r-devel-windows-ix86+x86_64, r-release-macos-x86_64, r-release-windows-ix86+x86_64, r-oldrel-macos-x86_64, r-oldrel-windows-ix86+x86_64

Version: 0.3.10
Check: top-level files
Result: NOTE
    ‘configure’: /bin/bash is not portable
Flavors: r-devel-linux-x86_64-fedora-clang, r-devel-linux-x86_64-fedora-gcc