CRAN Package Check Results for Package Ravages

Last updated on 2021-06-13 11:49:16 CEST.

Flavor Version Tinstall Tcheck Ttotal Status Flags
r-devel-linux-x86_64-debian-clang 0.1.5 276.57 153.54 430.11 OK
r-devel-linux-x86_64-debian-gcc 0.1.5 188.68 124.32 313.00 OK
r-devel-linux-x86_64-fedora-clang 0.1.5 611.42 NOTE
r-devel-linux-x86_64-fedora-gcc 0.1.5 568.43 OK
r-devel-windows-x86_64 0.1.5 351.00 215.00 566.00 NOTE
r-devel-windows-x86_64-gcc10-UCRT 0.1.5 OK
r-patched-linux-x86_64 0.1.5 226.79 150.17 376.96 OK
r-patched-solaris-x86 0.1.5 776.30 NOTE
r-release-linux-x86_64 0.1.5 204.56 150.01 354.57 OK
r-release-macos-arm64 0.1.5 NOTE
r-release-macos-x86_64 0.1.5 NOTE
r-release-windows-ix86+x86_64 0.1.5 608.00 262.00 870.00 NOTE
r-oldrel-macos-x86_64 0.1.5 NOTE
r-oldrel-windows-ix86+x86_64 0.1.5 609.00 268.00 877.00 NOTE

Check Details

Version: 0.1.5
Check: installed package size
Result: NOTE
     installed size is 15.2Mb
     sub-directories of 1Mb or more:
     data 3.9Mb
     libs 10.9Mb
Flavors: r-devel-linux-x86_64-fedora-clang, r-devel-windows-x86_64, r-patched-solaris-x86, r-release-macos-arm64, r-release-macos-x86_64, r-release-windows-ix86+x86_64, r-oldrel-macos-x86_64, r-oldrel-windows-ix86+x86_64