CRAN Package Check Results for Package Rarity

Last updated on 2021-10-23 19:52:18 CEST.

Flavor Version Tinstall Tcheck Ttotal Status Flags
r-devel-linux-x86_64-debian-clang 1.3-6 5.21 31.17 36.38 OK
r-devel-linux-x86_64-debian-gcc 1.3-6 3.88 24.43 28.31 OK
r-devel-linux-x86_64-fedora-clang 1.3-6 55.28 NOTE
r-devel-linux-x86_64-fedora-gcc 1.3-6 44.68 OK
r-devel-windows-x86_64 1.3-6 9.00 59.00 68.00 OK
r-devel-windows-x86_64-gcc10-UCRT 1.3-6 OK
r-patched-linux-x86_64 1.3-6 4.60 30.82 35.42 OK
r-patched-solaris-x86 1.3-6 68.60 OK
r-release-linux-x86_64 1.3-6 4.65 30.37 35.02 OK
r-release-macos-arm64 1.3-6 OK
r-release-macos-x86_64 1.3-6 OK
r-release-windows-ix86+x86_64 1.3-6 10.00 49.00 59.00 OK
r-oldrel-macos-x86_64 1.3-6 OK
r-oldrel-windows-ix86+x86_64 1.3-6 11.00 53.00 64.00 OK

Check Details

Version: 1.3-6
Check: Rd cross-references
Result: NOTE
    Undeclared package ‘arm’ in Rd xrefs
Flavor: r-devel-linux-x86_64-fedora-clang