CRAN Package Check Results for Package RaMS

Last updated on 2021-06-22 15:51:59 CEST.

Flavor Version Tinstall Tcheck Ttotal Status Flags
r-devel-linux-x86_64-debian-clang 1.0.0 3.06 107.46 110.52 NOTE
r-devel-linux-x86_64-debian-gcc 1.0.0 2.51 76.32 78.83 NOTE
r-devel-linux-x86_64-fedora-clang 1.0.0 133.15 NOTE
r-devel-linux-x86_64-fedora-gcc 1.0.0 121.95 NOTE
r-devel-windows-x86_64 1.0.0 6.00 126.00 132.00 NOTE
r-devel-windows-x86_64-gcc10-UCRT 1.0.0 WARN
r-patched-linux-x86_64 1.0.0 3.42 96.90 100.32 NOTE
r-patched-solaris-x86 1.0.0 192.60 NOTE
r-release-linux-x86_64 1.0.0 3.63 94.63 98.26 NOTE
r-release-macos-arm64 1.0.0 NOTE
r-release-macos-x86_64 1.0.0 NOTE
r-release-windows-ix86+x86_64 1.0.0 8.00 92.00 100.00 NOTE
r-oldrel-macos-x86_64 1.0.0 OK

Check Details

Version: 1.0.0
Check: LazyData
Result: NOTE
     'LazyData' is specified without a 'data' directory
Flavors: r-devel-linux-x86_64-debian-clang, r-devel-linux-x86_64-debian-gcc, r-devel-linux-x86_64-fedora-clang, r-devel-linux-x86_64-fedora-gcc, r-devel-windows-x86_64, r-devel-windows-x86_64-gcc10-UCRT, r-patched-linux-x86_64, r-patched-solaris-x86, r-release-linux-x86_64, r-release-macos-arm64, r-release-macos-x86_64, r-release-windows-ix86+x86_64

Version: 1.0.0
Check: package dependencies
Result: NOTE
    Packages suggested but not available for checking: 'tidyverse', 'plotly'
Flavor: r-devel-windows-x86_64-gcc10-UCRT

Version: 1.0.0
Check: re-building of vignette outputs
Result: WARN
    Error(s) in re-building vignettes:
     ...
    --- re-building 'Intro-to-RaMS.Rmd' using rmarkdown
    Quitting from lines 105-107 (Intro-to-RaMS.Rmd)
    Error: processing vignette 'Intro-to-RaMS.Rmd' failed with diagnostics:
    there is no package called 'tidyverse'
    --- failed re-building 'Intro-to-RaMS.Rmd'
    
    --- re-building 'RaMS-and-friends.Rmd' using rmarkdown
    --- finished re-building 'RaMS-and-friends.Rmd'
    
    SUMMARY: processing the following file failed:
     'Intro-to-RaMS.Rmd'
    
    Error: Vignette re-building failed.
    Execution halted
Flavor: r-devel-windows-x86_64-gcc10-UCRT