CRAN Package Check Results for Package RZigZag

Last updated on 2021-06-19 23:49:34 CEST.

Flavor Version Tinstall Tcheck Ttotal Status Flags
r-devel-linux-x86_64-debian-clang 0.2.1 108.78 27.11 135.89 OK
r-devel-linux-x86_64-debian-gcc 0.2.1 70.13 22.68 92.81 OK
r-devel-linux-x86_64-fedora-clang 0.2.1 201.06 NOTE
r-devel-linux-x86_64-fedora-gcc 0.2.1 167.56 OK
r-devel-windows-x86_64 0.2.1 126.00 44.00 170.00 OK
r-devel-windows-x86_64-gcc10-UCRT 0.2.1 OK
r-patched-linux-x86_64 0.2.1 87.42 27.79 115.21 OK
r-patched-solaris-x86 0.2.1 153.20 OK
r-release-linux-x86_64 0.2.1 80.17 27.87 108.04 OK
r-release-macos-arm64 0.2.1 NOTE
r-release-macos-x86_64 0.2.1 NOTE
r-release-windows-ix86+x86_64 0.2.1 240.00 56.00 296.00 OK
r-oldrel-macos-x86_64 0.2.1 NOTE
r-oldrel-windows-ix86+x86_64 0.2.1 171.00 72.00 243.00 OK

Check Details

Version: 0.2.1
Check: installed package size
Result: NOTE
     installed size is 14.8Mb
     sub-directories of 1Mb or more:
     libs 14.6Mb
Flavors: r-devel-linux-x86_64-fedora-clang, r-release-macos-arm64, r-release-macos-x86_64, r-oldrel-macos-x86_64