CRAN Package Check Results for Package RWekajars

Last updated on 2021-06-16 19:50:00 CEST.

Flavor Version Tinstall Tcheck Ttotal Status Flags
r-devel-linux-x86_64-debian-clang 3.9.3-2 4.38 26.47 30.85 OK
r-devel-linux-x86_64-debian-gcc 3.9.3-2 3.33 20.27 23.60 OK
r-devel-linux-x86_64-fedora-clang 3.9.3-2 47.63 NOTE
r-devel-linux-x86_64-fedora-gcc 3.9.3-2 36.46 OK
r-devel-windows-x86_64 3.9.3-2 7.00 44.00 51.00 NOTE
r-devel-windows-x86_64-gcc10-UCRT 3.9.3-2 OK
r-patched-linux-x86_64 3.9.3-2 4.00 25.56 29.56 OK
r-release-linux-x86_64 3.9.3-2 3.65 25.58 29.23 OK
r-release-macos-arm64 3.9.3-2 ERROR
r-release-macos-x86_64 3.9.3-2 NOTE
r-release-windows-ix86+x86_64 3.9.3-2 7.00 31.00 38.00 NOTE
r-oldrel-macos-x86_64 3.9.3-2 NOTE
r-oldrel-windows-ix86+x86_64 3.9.3-2 9.00 29.00 38.00 NOTE

Check Details

Version: 3.9.3-2
Check: installed package size
Result: NOTE
     installed size is 10.8Mb
     sub-directories of 1Mb or more:
     java 10.7Mb
Flavors: r-devel-linux-x86_64-fedora-clang, r-devel-windows-x86_64, r-release-macos-x86_64, r-release-windows-ix86+x86_64, r-oldrel-macos-x86_64, r-oldrel-windows-ix86+x86_64

Version: 3.9.3-2
Check: whether package can be installed
Result: ERROR
    Installation failed.
Flavor: r-release-macos-arm64