CRAN Package Check Results for Package RWebLogo

Last updated on 2021-10-23 19:52:21 CEST.

Flavor Version Tinstall Tcheck Ttotal Status Flags
r-devel-linux-x86_64-debian-clang 1.0.3 2.82 23.25 26.07 NOTE
r-devel-linux-x86_64-debian-gcc 1.0.3 2.08 18.49 20.57 NOTE
r-devel-linux-x86_64-fedora-clang 1.0.3 47.35 NOTE
r-devel-linux-x86_64-fedora-gcc 1.0.3 36.22 NOTE
r-devel-windows-x86_64 1.0.3 4.00 33.00 37.00 NOTE
r-devel-windows-x86_64-gcc10-UCRT 1.0.3 NOTE
r-patched-linux-x86_64 1.0.3 2.83 22.71 25.54 NOTE
r-patched-solaris-x86 1.0.3 67.20 NOTE
r-release-linux-x86_64 1.0.3 2.44 22.71 25.15 NOTE
r-release-macos-arm64 1.0.3 NOTE
r-release-macos-x86_64 1.0.3 NOTE
r-release-windows-ix86+x86_64 1.0.3 5.00 39.00 44.00 NOTE
r-oldrel-macos-x86_64 1.0.3 NOTE
r-oldrel-windows-ix86+x86_64 1.0.3 8.00 42.00 50.00 NOTE

Check Details

Version: 1.0.3
Check: R code for possible problems
Result: NOTE
    weblogo: no visible global function definition for 'browseURL'
    Undefined global functions or variables:
     browseURL
    Consider adding
     importFrom("utils", "browseURL")
    to your NAMESPACE file.
Flavors: r-devel-linux-x86_64-debian-clang, r-devel-linux-x86_64-debian-gcc, r-devel-linux-x86_64-fedora-clang, r-devel-linux-x86_64-fedora-gcc, r-devel-windows-x86_64, r-devel-windows-x86_64-gcc10-UCRT, r-patched-linux-x86_64, r-patched-solaris-x86, r-release-linux-x86_64, r-release-macos-arm64, r-release-macos-x86_64, r-release-windows-ix86+x86_64, r-oldrel-macos-x86_64, r-oldrel-windows-ix86+x86_64

Version: 1.0.3
Check: for non-standard things in the check directory
Result: NOTE
    Found the following files/directories:
     'RWebLogo.pdf' 'RWebLogo.png'
Flavors: r-devel-linux-x86_64-debian-clang, r-devel-linux-x86_64-debian-gcc, r-devel-linux-x86_64-fedora-clang, r-devel-linux-x86_64-fedora-gcc, r-patched-linux-x86_64, r-patched-solaris-x86, r-release-linux-x86_64