CRAN Package Check Results for Package RUnit

Last updated on 2021-05-14 23:50:59 CEST.

Flavor Version Tinstall Tcheck Ttotal Status Flags
r-devel-linux-x86_64-debian-clang 0.4.32 3.81 37.64 41.45 NOTE
r-devel-linux-x86_64-debian-gcc 0.4.32 3.29 29.11 32.40 NOTE
r-devel-linux-x86_64-fedora-clang 0.4.32 61.37 NOTE
r-devel-linux-x86_64-fedora-gcc 0.4.32 48.37 NOTE
r-devel-windows-ix86+x86_64 0.4.32 7.00 61.00 68.00 OK
r-devel-windows-x86_64-gcc10-UCRT 0.4.32 OK
r-patched-linux-x86_64 0.4.32 3.75 36.35 40.10 NOTE
r-patched-solaris-x86 0.4.32 71.90 NOTE
r-release-linux-x86_64 0.4.32 3.92 35.40 39.32 NOTE
r-release-macos-x86_64 0.4.32 OK
r-release-windows-ix86+x86_64 0.4.32 7.00 41.00 48.00 OK
r-oldrel-macos-x86_64 0.4.32 OK
r-oldrel-windows-ix86+x86_64 0.4.32 4.00 44.00 48.00 OK

Check Details

Version: 0.4.32
Check: for non-standard things in the check directory
Result: NOTE
    Found the following files/directories:
     'results'
Flavors: r-devel-linux-x86_64-debian-clang, r-devel-linux-x86_64-debian-gcc, r-devel-linux-x86_64-fedora-clang, r-devel-linux-x86_64-fedora-gcc, r-patched-linux-x86_64, r-patched-solaris-x86, r-release-linux-x86_64