CRAN Package Check Results for Package RTL

Last updated on 2021-09-22 07:51:37 CEST.

Flavor Version Tinstall Tcheck Ttotal Status Flags
r-devel-linux-x86_64-debian-clang 0.1.7 10.25 74.57 84.82 OK
r-devel-linux-x86_64-debian-gcc 0.1.7 9.06 58.11 67.17 OK
r-devel-linux-x86_64-fedora-clang 0.1.8 100.79 NOTE
r-devel-linux-x86_64-fedora-gcc 0.1.8 88.61 NOTE
r-devel-windows-x86_64 0.1.7 14.00 120.00 134.00 OK
r-devel-windows-x86_64-gcc10-UCRT 0.1.7 ERROR
r-patched-linux-x86_64 0.1.7 11.16 62.64 73.80 OK
r-patched-solaris-x86 0.1.8 123.30 NOTE
r-release-linux-x86_64 0.1.7 11.18 62.12 73.30 OK
r-release-macos-arm64 0.1.7 NOTE
r-release-macos-x86_64 0.1.7 NOTE
r-release-windows-ix86+x86_64 0.1.7 22.00 100.00 122.00 OK
r-oldrel-macos-x86_64 0.1.7 NOTE
r-oldrel-windows-ix86+x86_64 0.1.7 18.00 75.00 93.00 OK

Check Details

Version: 0.1.8
Check: package dependencies
Result: NOTE
    Imports includes 24 non-default packages.
    Importing from so many packages makes the package vulnerable to any of
    them becoming unavailable. Move as many as possible to Suggests and
    use conditionally.
Flavor: r-devel-linux-x86_64-fedora-clang

Version: 0.1.8
Check: dependencies in R code
Result: NOTE
    Namespace in Imports field not imported from: ‘tidyverse’
     All declared Imports should be used.
Flavors: r-devel-linux-x86_64-fedora-clang, r-devel-linux-x86_64-fedora-gcc, r-patched-solaris-x86

Version: 0.1.8
Check: data for non-ASCII characters
Result: NOTE
     Note: found 633 marked UTF-8 strings
Flavors: r-devel-linux-x86_64-fedora-clang, r-devel-linux-x86_64-fedora-gcc, r-patched-solaris-x86

Version: 0.1.7
Check: package dependencies
Result: ERROR
    Package required but not available: 'tidyverse'
    
    Package suggested but not available for checking: 'rgdal'
    
    See section 'The DESCRIPTION file' in the 'Writing R Extensions'
    manual.
Flavor: r-devel-windows-x86_64-gcc10-UCRT

Version: 0.1.7
Check: dependencies in R code
Result: NOTE
    Namespace in Imports field not imported from: ‘tidyverse’
     All declared Imports should be used.
Flavors: r-release-macos-arm64, r-release-macos-x86_64, r-oldrel-macos-x86_64

Version: 0.1.7
Check: data for non-ASCII characters
Result: NOTE
     Note: found 633 marked UTF-8 strings
Flavors: r-release-macos-arm64, r-release-macos-x86_64, r-oldrel-macos-x86_64