CRAN Package Check Results for Package RSA

Last updated on 2021-04-14 23:47:26 CEST.

Flavor Version Tinstall Tcheck Ttotal Status Flags
r-devel-linux-x86_64-debian-clang 0.10.4 14.10 96.95 111.05 OK
r-devel-linux-x86_64-debian-gcc 0.10.4 10.67 72.87 83.54 OK
r-devel-linux-x86_64-fedora-clang 0.10.4 141.98 OK
r-devel-linux-x86_64-fedora-gcc 0.10.4 139.69 OK
r-devel-windows-ix86+x86_64 0.10.4 28.00 113.00 141.00 OK
r-devel-windows-x86_64-gcc10-UCRT 0.10.4 OK
r-patched-linux-x86_64 0.10.4 13.06 89.60 102.66 OK
r-patched-solaris-x86 0.10.4 181.30 OK
r-release-linux-x86_64 0.10.4 14.23 89.16 103.39 OK
r-release-macos-x86_64 0.10.4 OK
r-release-windows-ix86+x86_64 0.10.4 29.00 130.00 159.00 OK
r-oldrel-macos-x86_64 0.10.4 WARN
r-oldrel-windows-ix86+x86_64 0.10.4 20.00 82.00 102.00 OK

Check Details

Version: 0.10.4
Check: dependencies in R code
Result: NOTE
    No protocol specified
    No protocol specified
    No protocol specified
    No protocol specified
Flavor: r-oldrel-macos-x86_64

Version: 0.10.4
Check: S3 generic/method consistency
Result: WARN
    No protocol specified
    No protocol specified
    See section ‘Generic functions and methods’ in the ‘Writing R
    Extensions’ manual.
Flavor: r-oldrel-macos-x86_64

Version: 0.10.4
Check: replacement functions
Result: WARN
    No protocol specified
    No protocol specified
    The argument of a replacement function which corresponds to the right
    hand side must be named ‘value’.
Flavor: r-oldrel-macos-x86_64

Version: 0.10.4
Check: foreign function calls
Result: NOTE
    No protocol specified
    No protocol specified
    See chapter ‘System and foreign language interfaces’ in the ‘Writing R
    Extensions’ manual.
Flavor: r-oldrel-macos-x86_64

Version: 0.10.4
Check: R code for possible problems
Result: NOTE
    No protocol specified
    No protocol specified
Flavor: r-oldrel-macos-x86_64

Version: 0.10.4
Check: for missing documentation entries
Result: WARN
    No protocol specified
    No protocol specified
    All user-level objects in a package should have documentation entries.
    See chapter ‘Writing R documentation files’ in the ‘Writing R
    Extensions’ manual.
Flavor: r-oldrel-macos-x86_64

Version: 0.10.4
Check: for code/documentation mismatches
Result: WARN
    No protocol specified
    No protocol specified
    No protocol specified
    No protocol specified
    No protocol specified
    No protocol specified
Flavor: r-oldrel-macos-x86_64

Version: 0.10.4
Check: Rd \usage sections
Result: NOTE
    No protocol specified
    No protocol specified
    The \usage entries for S3 methods should use the \method markup and not
    their full name.
    See chapter ‘Writing R documentation files’ in the ‘Writing R
    Extensions’ manual.
Flavor: r-oldrel-macos-x86_64