CRAN Package Check Results for Package RPtests

Last updated on 2021-06-20 03:48:38 CEST.

Flavor Version Tinstall Tcheck Ttotal Status Flags
r-devel-linux-x86_64-debian-clang 0.1.4 24.71 75.30 100.01 NOTE
r-devel-linux-x86_64-debian-gcc 0.1.4 17.33 57.88 75.21 NOTE
r-devel-linux-x86_64-fedora-clang 0.1.4 133.18 NOTE
r-devel-linux-x86_64-fedora-gcc 0.1.4 117.76 NOTE
r-devel-windows-x86_64 0.1.4 31.00 79.00 110.00 NOTE
r-devel-windows-x86_64-gcc10-UCRT 0.1.4 NOTE
r-patched-linux-x86_64 0.1.4 20.75 71.78 92.53 NOTE
r-patched-solaris-x86 0.1.4 155.40 NOTE
r-release-linux-x86_64 0.1.4 20.96 72.43 93.39 NOTE
r-release-macos-arm64 0.1.4 NOTE
r-release-macos-x86_64 0.1.4 NOTE
r-release-windows-ix86+x86_64 0.1.4 55.00 150.00 205.00 NOTE
r-oldrel-macos-x86_64 0.1.4 OK
r-oldrel-windows-ix86+x86_64 0.1.4 42.00 145.00 187.00 OK

Check Details

Version: 0.1.4
Check: LazyData
Result: NOTE
     'LazyData' is specified without a 'data' directory
Flavors: r-devel-linux-x86_64-debian-clang, r-devel-linux-x86_64-debian-gcc, r-devel-linux-x86_64-fedora-clang, r-devel-linux-x86_64-fedora-gcc, r-devel-windows-x86_64, r-devel-windows-x86_64-gcc10-UCRT, r-patched-linux-x86_64, r-patched-solaris-x86, r-release-linux-x86_64, r-release-macos-arm64, r-release-macos-x86_64, r-release-windows-ix86+x86_64

Version: 0.1.4
Check: Rd cross-references
Result: NOTE
    Undeclared package ‘scalreg’ in Rd xrefs
Flavor: r-devel-linux-x86_64-fedora-clang