CRAN Package Check Results for Package RPostgres

Last updated on 2021-01-20 23:49:52 CET.

Flavor Version Tinstall Tcheck Ttotal Status Flags
r-devel-linux-x86_64-debian-clang 1.3.1 185.95 48.21 234.16 OK
r-devel-linux-x86_64-debian-gcc 1.3.1 102.81 37.56 140.37 OK
r-devel-linux-x86_64-fedora-clang 1.3.1 292.12 OK
r-devel-linux-x86_64-fedora-gcc 1.3.1 254.21 OK
r-devel-windows-ix86+x86_64 1.3.0 552.00 125.00 677.00 NOTE
r-patched-linux-x86_64 1.3.0 124.60 46.27 170.87 OK
r-patched-solaris-x86 1.3.1 224.40 OK
r-release-linux-x86_64 1.3.0 123.30 46.23 169.53 OK
r-release-macos-x86_64 1.3.0 OK
r-release-windows-ix86+x86_64 1.3.0 541.00 150.00 691.00 NOTE
r-oldrel-macos-x86_64 1.3.1 NOTE
r-oldrel-windows-ix86+x86_64 1.3.0 504.00 115.00 619.00 NOTE

Check Details

Version: 1.3.0
Check: installed package size
Result: NOTE
     installed size is 8.8Mb
     sub-directories of 1Mb or more:
     libs 8.3Mb
Flavors: r-devel-windows-ix86+x86_64, r-release-windows-ix86+x86_64, r-oldrel-windows-ix86+x86_64

Version: 1.3.1
Check: installed package size
Result: NOTE
     installed size is 7.1Mb
     sub-directories of 1Mb or more:
     libs 6.7Mb
Flavor: r-oldrel-macos-x86_64