Last updated on 2021-01-26 15:49:56 CET.
Flavor | Version | Tinstall | Tcheck | Ttotal | Status | Flags |
---|---|---|---|---|---|---|
r-devel-linux-x86_64-debian-clang | 1.3-1 | 5.45 | 36.11 | 41.56 | OK | --no-examples --no-tests --no-vignettes |
r-devel-linux-x86_64-debian-gcc | 1.3-1 | 4.44 | 27.97 | 32.41 | OK | --no-examples --no-tests --no-vignettes |
r-patched-linux-x86_64 | 1.3-1 | 5.14 | 35.57 | 40.71 | OK | --no-examples --no-tests --no-vignettes |
r-release-linux-x86_64 | 1.3-1 | 5.50 | 35.00 | 40.50 | OK | --no-examples --no-tests --no-vignettes |
r-release-macos-x86_64 | 1.3-1 | ERROR | ||||
r-release-windows-ix86+x86_64 | 1.3-1 | 2.00 | 6.00 | 8.00 | ERROR | |
r-oldrel-macos-x86_64 | 1.3-1 | ERROR |
Version: 1.3-1
Check: whether package can be installed
Result: ERROR
Installation failed.
Flavors: r-release-macos-x86_64, r-release-windows-ix86+x86_64, r-oldrel-macos-x86_64