CRAN Package Check Results for Package ROptSpace

Last updated on 2021-06-20 07:50:23 CEST.

Flavor Version Tinstall Tcheck Ttotal Status Flags
r-devel-linux-x86_64-debian-clang 0.2.2 32.34 33.25 65.59 NOTE
r-devel-linux-x86_64-debian-gcc 0.2.2 20.03 26.54 46.57 NOTE
r-devel-linux-x86_64-fedora-clang 0.2.2 91.49 NOTE
r-devel-linux-x86_64-fedora-gcc 0.2.2 75.37 NOTE
r-devel-windows-x86_64 0.2.2 38.00 52.00 90.00 NOTE
r-devel-windows-x86_64-gcc10-UCRT 0.2.2 NOTE
r-patched-linux-x86_64 0.2.2 20.73 32.66 53.39 NOTE
r-patched-solaris-x86 0.2.2 101.20 NOTE
r-release-linux-x86_64 0.2.2 22.09 32.51 54.60 NOTE
r-release-macos-arm64 0.2.2 NOTE
r-release-macos-x86_64 0.2.2 NOTE
r-release-windows-ix86+x86_64 0.2.2 69.00 79.00 148.00 NOTE
r-oldrel-macos-x86_64 0.2.2 OK
r-oldrel-windows-ix86+x86_64 0.2.2 57.00 81.00 138.00 OK

Check Details

Version: 0.2.2
Check: LazyData
Result: NOTE
     'LazyData' is specified without a 'data' directory
Flavors: r-devel-linux-x86_64-debian-clang, r-devel-linux-x86_64-debian-gcc, r-devel-linux-x86_64-fedora-clang, r-devel-linux-x86_64-fedora-gcc, r-devel-windows-x86_64, r-devel-windows-x86_64-gcc10-UCRT, r-patched-linux-x86_64, r-patched-solaris-x86, r-release-linux-x86_64, r-release-macos-arm64, r-release-macos-x86_64, r-release-windows-ix86+x86_64