Last updated on 2023-05-29 11:57:04 CEST.
Flavor | Version | Tinstall | Tcheck | Ttotal | Status | Flags |
---|---|---|---|---|---|---|
r-devel-linux-x86_64-debian-clang | 1.0-0 | 2.81 | 28.84 | 31.65 | OK | |
r-devel-linux-x86_64-debian-gcc | 1.0-0 | 1.81 | 23.24 | 25.05 | OK | |
r-devel-linux-x86_64-fedora-clang | 1.0-0 | 39.87 | NOTE | |||
r-devel-linux-x86_64-fedora-gcc | 1.0-0 | 191.16 | OK | |||
r-devel-windows-x86_64 | 1.0-0 | 3.00 | 45.00 | 48.00 | OK | |
r-patched-linux-x86_64 | 1.0-0 | 2.14 | 28.65 | 30.79 | OK | |
r-release-linux-x86_64 | 1.0-0 | 2.57 | 28.47 | 31.04 | OK | |
r-release-macos-arm64 | 1.0-0 | 42.00 | OK | |||
r-release-macos-x86_64 | 1.0-0 | 73.00 | OK | |||
r-release-windows-x86_64 | 1.0-0 | 4.00 | 47.00 | 51.00 | OK | |
r-oldrel-macos-arm64 | 1.0-0 | 37.00 | OK | |||
r-oldrel-macos-x86_64 | 1.0-0 | 48.00 | OK | |||
r-oldrel-windows-x86_64 | 1.0-0 | 4.00 | 50.00 | 54.00 | OK |
Version: 1.0-0
Check: package dependencies
Result: NOTE
Suggests orphaned package: ‘ucminf’
Flavor: r-devel-linux-x86_64-fedora-clang