CRAN Package Check Results for Package ROCket

Last updated on 2021-06-17 19:51:39 CEST.

Flavor Version Tinstall Tcheck Ttotal Status Flags
r-devel-linux-x86_64-debian-clang 1.0.1 3.01 32.26 35.27 NOTE
r-devel-linux-x86_64-debian-gcc 1.0.1 1.97 24.24 26.21 NOTE
r-devel-linux-x86_64-fedora-clang 1.0.1 49.75 NOTE
r-devel-linux-x86_64-fedora-gcc 1.0.1 39.00 NOTE
r-devel-windows-x86_64 1.0.1 5.00 33.00 38.00 NOTE
r-devel-windows-x86_64-gcc10-UCRT 1.0.1 NOTE
r-patched-linux-x86_64 1.0.1 3.92 29.72 33.64 NOTE
r-patched-solaris-x86 1.0.1 60.90 NOTE
r-release-linux-x86_64 1.0.1 2.82 29.71 32.53 NOTE
r-release-macos-arm64 1.0.1 NOTE
r-release-macos-x86_64 1.0.1 NOTE
r-release-windows-ix86+x86_64 1.0.1 6.00 57.00 63.00 NOTE
r-oldrel-macos-x86_64 1.0.1 OK
r-oldrel-windows-ix86+x86_64 1.0.1 6.00 43.00 49.00 OK

Check Details

Version: 1.0.1
Check: LazyData
Result: NOTE
     'LazyData' is specified without a 'data' directory
Flavors: r-devel-linux-x86_64-debian-clang, r-devel-linux-x86_64-debian-gcc, r-devel-linux-x86_64-fedora-clang, r-devel-linux-x86_64-fedora-gcc, r-devel-windows-x86_64, r-devel-windows-x86_64-gcc10-UCRT, r-patched-linux-x86_64, r-patched-solaris-x86, r-release-linux-x86_64, r-release-macos-arm64, r-release-macos-x86_64, r-release-windows-ix86+x86_64