CRAN Package Check Results for Package ROCket

Last updated on 2022-05-22 23:51:54 CEST.

Flavor Version Tinstall Tcheck Ttotal Status Flags
r-devel-linux-x86_64-debian-clang 1.0.1 2.71 42.48 45.19 NOTE
r-devel-linux-x86_64-debian-gcc 1.0.1 2.24 31.61 33.85 NOTE
r-devel-linux-x86_64-fedora-clang 1.0.1 54.52 NOTE
r-devel-linux-x86_64-fedora-gcc 1.0.1 51.29 NOTE
r-devel-windows-x86_64 1.0.1 18.00 55.00 73.00 NOTE
r-patched-linux-x86_64 1.0.1 4.15 39.33 43.48 NOTE
r-release-linux-x86_64 1.0.1 2.81 38.93 41.74 NOTE
r-release-macos-arm64 1.0.1 16.00 NOTE
r-release-macos-x86_64 1.0.1 26.00 NOTE
r-release-windows-x86_64 1.0.1 12.00 58.00 70.00 NOTE
r-oldrel-macos-arm64 1.0.1 19.00 NOTE
r-oldrel-macos-x86_64 1.0.1 31.00 NOTE
r-oldrel-windows-ix86+x86_64 1.0.1 6.00 54.00 60.00 NOTE

Check Details

Version: 1.0.1
Check: LazyData
Result: NOTE
     'LazyData' is specified without a 'data' directory
Flavors: r-devel-linux-x86_64-debian-clang, r-devel-linux-x86_64-debian-gcc, r-devel-linux-x86_64-fedora-clang, r-devel-linux-x86_64-fedora-gcc, r-devel-windows-x86_64, r-patched-linux-x86_64, r-release-linux-x86_64, r-release-macos-arm64, r-release-macos-x86_64, r-release-windows-x86_64, r-oldrel-macos-arm64, r-oldrel-macos-x86_64, r-oldrel-windows-ix86+x86_64