CRAN Package Check Results for Package RNiftyReg

Last updated on 2021-05-07 11:49:42 CEST.

Flavor Version Tinstall Tcheck Ttotal Status Flags
r-devel-linux-x86_64-debian-clang 2.7.0 542.98 55.12 598.10 OK
r-devel-linux-x86_64-debian-gcc 2.7.0 366.41 48.58 414.99 OK
r-devel-linux-x86_64-fedora-clang 2.7.0 874.17 NOTE
r-devel-linux-x86_64-fedora-gcc 2.7.0 788.22 OK
r-devel-windows-ix86+x86_64 2.7.0 910.00 127.00 1037.00 NOTE
r-devel-windows-x86_64-gcc10-UCRT 2.7.0 OK
r-patched-linux-x86_64 2.7.0 433.74 58.89 492.63 OK
r-patched-solaris-x86 2.7.0 616.80 OK
r-release-linux-x86_64 2.7.0 428.08 57.73 485.81 OK
r-release-macos-x86_64 2.7.0 NOTE
r-release-windows-ix86+x86_64 2.7.0 918.00 102.00 1020.00 NOTE
r-oldrel-macos-x86_64 2.7.0 NOTE
r-oldrel-windows-ix86+x86_64 2.7.0 1149.00 107.00 1256.00 NOTE

Check Details

Version: 2.7.0
Check: installed package size
Result: NOTE
     installed size is 89.6Mb
     sub-directories of 1Mb or more:
     extdata 2.0Mb
     libs 87.5Mb
Flavors: r-devel-linux-x86_64-fedora-clang, r-devel-windows-ix86+x86_64, r-release-macos-x86_64, r-release-windows-ix86+x86_64, r-oldrel-macos-x86_64, r-oldrel-windows-ix86+x86_64