CRAN Package Check Results for Package RNifti

Last updated on 2021-04-13 07:47:56 CEST.

Flavor Version Tinstall Tcheck Ttotal Status Flags
r-devel-linux-x86_64-debian-clang 1.3.0 38.84 39.00 77.84 OK
r-devel-linux-x86_64-debian-gcc 1.3.0 27.77 30.80 58.57 OK
r-devel-linux-x86_64-fedora-clang 1.3.0 110.76 NOTE
r-devel-linux-x86_64-fedora-gcc 1.3.0 105.80 OK
r-devel-windows-ix86+x86_64 1.3.0 96.00 95.00 191.00 NOTE
r-devel-windows-x86_64-gcc10-UCRT 1.3.0 WARN
r-patched-linux-x86_64 1.3.0 44.09 37.27 81.36 OK
r-patched-solaris-x86 1.3.0 127.40 OK
r-release-linux-x86_64 1.3.0 33.64 37.12 70.76 OK
r-release-macos-x86_64 1.3.0 NOTE
r-release-windows-ix86+x86_64 1.3.0 74.00 88.00 162.00 NOTE
r-oldrel-macos-x86_64 1.3.0 NOTE
r-oldrel-windows-ix86+x86_64 1.3.0 92.00 70.00 162.00 NOTE

Additional issues

rchk

Check Details

Version: 1.3.0
Check: installed package size
Result: NOTE
     installed size is 7.3Mb
     sub-directories of 1Mb or more:
     doxygen 1.9Mb
     libs 4.2Mb
Flavors: r-devel-linux-x86_64-fedora-clang, r-devel-windows-ix86+x86_64, r-release-macos-x86_64, r-release-windows-ix86+x86_64, r-oldrel-macos-x86_64, r-oldrel-windows-ix86+x86_64

Version: 1.3.0
Check: whether package can be installed
Result: WARN
    Found the following significant warnings:
     niftilib/nifti2_io.c:8248:31: warning: too many arguments for format [-Wformat-extra-args]
     niftilib/nifti2_io.c:8251:30: warning: too many arguments for format [-Wformat-extra-args]
     niftilib/nifti2_io.c:8252:30: warning: too many arguments for format [-Wformat-extra-args]
     niftilib/nifti2_io.c:8254:33: warning: too many arguments for format [-Wformat-extra-args]
     niftilib/nifti2_io.c:8256:33: warning: too many arguments for format [-Wformat-extra-args]
     niftilib/nifti2_io.c:8258:33: warning: too many arguments for format [-Wformat-extra-args]
     niftilib/nifti2_io.c:8260:33: warning: too many arguments for format [-Wformat-extra-args]
     niftilib/nifti2_io.c:8262:33: warning: too many arguments for format [-Wformat-extra-args]
     niftilib/nifti2_io.c:8264:33: warning: too many arguments for format [-Wformat-extra-args]
     niftilib/nifti2_io.c:8278:31: warning: too many arguments for format [-Wformat-extra-args]
     niftilib/nifti2_io.c:8337:15: warning: too many arguments for format [-Wformat-extra-args]
Flavor: r-devel-windows-x86_64-gcc10-UCRT