CRAN Package Check Results for Package RNCEP

Last updated on 2024-06-13 12:49:57 CEST.

Flavor Version Tinstall Tcheck Ttotal Status Flags
r-devel-linux-x86_64-debian-clang 1.0.10 23.42 111.61 135.03 NOTE
r-devel-linux-x86_64-debian-gcc 1.0.10 16.51 81.01 97.52 NOTE
r-devel-linux-x86_64-fedora-clang 1.0.10 167.50 NOTE
r-devel-linux-x86_64-fedora-gcc 1.0.10 160.65 NOTE
r-devel-windows-x86_64 1.0.10 12.00 80.00 92.00 NOTE
r-patched-linux-x86_64 1.0.10 24.33 111.30 135.63 NOTE
r-release-linux-x86_64 1.0.10 20.83 107.07 127.90 NOTE
r-release-macos-arm64 1.0.10 78.00 NOTE
r-release-macos-x86_64 1.0.10 87.00 NOTE
r-release-windows-x86_64 1.0.10 12.00 81.00 93.00 NOTE
r-oldrel-macos-arm64 1.0.10 47.00 OK
r-oldrel-macos-x86_64 1.0.10 83.00 OK
r-oldrel-windows-x86_64 1.0.10 15.00 91.00 106.00 OK

Check Details

Version: 1.0.10
Check: Rd files
Result: NOTE checkRd: (-1) NCEP.track2kml.Rd:36: Lost braces 36 | There are several options for specifying \code{col.scheme}. A single color may be specified for all points (using e.g. \code{'red'}, \code{2}, or \code{"#FF0000"}), specific colors may be given for each point (e.g. \code{c('red','blue','green', etc.)} or code{c('#FF0000','#0000FF','#00FF00', etc.)}), or the function can automatically assign colors, according to the values in \code{clo.variable}, if \code{col.scheme} is any color palette in \code{\link[RColorBrewer]{display.brewer.all}} or one of the recognizezd R color palettes (i.e. \code{'rainbow'}, \code{'heat.colors'}, \code{'terrain.colors'}, \code{'topo.colors'}, \code{'cm.colors'}, or \code{'bpy.colors'}). An alpha value (0-255) may be supplied to \code{point.alpha} to adjust transparencies. | ^ Flavors: r-devel-linux-x86_64-debian-clang, r-devel-linux-x86_64-debian-gcc, r-devel-linux-x86_64-fedora-clang, r-devel-linux-x86_64-fedora-gcc, r-devel-windows-x86_64, r-patched-linux-x86_64, r-release-linux-x86_64, r-release-macos-arm64, r-release-macos-x86_64, r-release-windows-x86_64

Version: 1.0.10
Check: Rd cross-references
Result: NOTE Undeclared packages ‘fossil’, ‘raster’ in Rd xrefs Flavor: r-devel-linux-x86_64-fedora-clang