Last updated on 2021-01-27 15:51:55 CET.
Flavor | Version | Tinstall | Tcheck | Ttotal | Status | Flags |
---|---|---|---|---|---|---|
r-devel-linux-x86_64-debian-clang | 0.10.21 | 8.04 | 35.08 | 43.12 | OK | |
r-devel-linux-x86_64-debian-gcc | 0.10.21 | OK | ||||
r-devel-linux-x86_64-fedora-clang | 0.10.21 | 61.33 | OK | |||
r-devel-linux-x86_64-fedora-gcc | 0.10.21 | 51.66 | OK | |||
r-devel-windows-ix86+x86_64 | 0.10.21 | 29.00 | 163.00 | 192.00 | NOTE | |
r-patched-linux-x86_64 | 0.10.21 | 6.40 | 33.90 | 40.30 | OK | |
r-patched-solaris-x86 | 0.10.21 | 74.20 | OK | |||
r-release-linux-x86_64 | 0.10.21 | 6.82 | 33.91 | 40.73 | OK | |
r-release-macos-x86_64 | 0.10.21 | OK | ||||
r-release-windows-ix86+x86_64 | 0.10.21 | 28.00 | 138.00 | 166.00 | NOTE | |
r-oldrel-macos-x86_64 | 0.10.21 | OK | ||||
r-oldrel-windows-ix86+x86_64 | 0.10.21 | 21.00 | 161.00 | 182.00 | NOTE |
Version: 0.10.21
Check: installed package size
Result: NOTE
installed size is 6.6Mb
sub-directories of 1Mb or more:
libs 6.3Mb
Flavors: r-devel-windows-ix86+x86_64, r-release-windows-ix86+x86_64, r-oldrel-windows-ix86+x86_64