CRAN Package Check Results for Package RMariaDB

Last updated on 2021-01-27 15:51:55 CET.

Flavor Version Tinstall Tcheck Ttotal Status Flags
r-devel-linux-x86_64-debian-clang 1.1.0 131.00 44.22 175.22 OK
r-devel-linux-x86_64-debian-gcc 1.1.0 OK
r-devel-linux-x86_64-fedora-clang 1.1.0 249.52 OK
r-devel-linux-x86_64-fedora-gcc 1.1.0 196.99 OK
r-devel-windows-ix86+x86_64 1.1.0 512.00 185.00 697.00 NOTE
r-patched-linux-x86_64 1.1.0 85.35 42.04 127.39 OK
r-patched-solaris-x86 1.1.0 199.20 OK
r-release-linux-x86_64 1.1.0 89.26 42.37 131.63 OK
r-release-macos-x86_64 1.1.0 NOTE
r-release-windows-ix86+x86_64 1.1.0 526.00 155.00 681.00 NOTE
r-oldrel-macos-x86_64 1.1.0 NOTE
r-oldrel-windows-ix86+x86_64 1.1.0 480.00 185.00 665.00 NOTE

Check Details

Version: 1.1.0
Check: installed package size
Result: NOTE
     installed size is 8.7Mb
     sub-directories of 1Mb or more:
     libs 8.4Mb
Flavors: r-devel-windows-ix86+x86_64, r-release-macos-x86_64, r-release-windows-ix86+x86_64, r-oldrel-macos-x86_64, r-oldrel-windows-ix86+x86_64