CRAN Package Check Results for Package RMariaDB

Last updated on 2024-06-15 19:55:09 CEST.

Flavor Version Tinstall Tcheck Ttotal Status Flags
r-devel-linux-x86_64-debian-clang 1.3.2 57.95 57.52 115.47 NOTE
r-devel-linux-x86_64-debian-gcc 1.3.2 34.25 41.60 75.85 NOTE
r-devel-linux-x86_64-fedora-clang 1.3.2 168.18 NOTE
r-devel-linux-x86_64-fedora-gcc 1.3.2 153.49 NOTE
r-devel-windows-x86_64 1.3.2 89.00 211.00 300.00 NOTE
r-patched-linux-x86_64 1.3.2 48.06 53.37 101.43 OK
r-release-linux-x86_64 1.3.2 45.39 53.50 98.89 OK
r-release-macos-arm64 1.3.2 47.00 NOTE
r-release-macos-x86_64 1.3.2 55.00 NOTE
r-release-windows-x86_64 1.3.2 95.00 211.00 306.00 OK
r-oldrel-macos-arm64 1.3.2 53.00 NOTE
r-oldrel-macos-x86_64 1.3.2 84.00 NOTE
r-oldrel-windows-x86_64 1.3.2 109.00 223.00 332.00 OK

Check Details

Version: 1.3.2
Check: compiled code
Result: NOTE File ‘RMariaDB/libs/RMariaDB.so’: Found non-API calls to R: ‘SETLENGTH’, ‘SET_TRUELENGTH’ Compiled code should not call non-API entry points in R. See ‘Writing portable packages’ in the ‘Writing R Extensions’ manual. Flavor: r-devel-linux-x86_64-debian-clang

Version: 1.3.2
Check: compiled code
Result: NOTE File ‘RMariaDB/libs/RMariaDB.so’: Found non-API calls to R: ‘SETLENGTH’, ‘SET_GROWABLE_BIT’, ‘SET_TRUELENGTH’ Compiled code should not call non-API entry points in R. See ‘Writing portable packages’ in the ‘Writing R Extensions’ manual. Flavors: r-devel-linux-x86_64-debian-gcc, r-devel-linux-x86_64-fedora-clang, r-devel-linux-x86_64-fedora-gcc

Version: 1.3.2
Check: compiled code
Result: NOTE File 'RMariaDB/libs/x64/RMariaDB.dll': Found non-API calls to R: 'SETLENGTH', 'SET_TRUELENGTH' Compiled code should not call non-API entry points in R. See 'Writing portable packages' in the 'Writing R Extensions' manual. Flavor: r-devel-windows-x86_64

Version: 1.3.2
Check: installed package size
Result: NOTE installed size is 5.4Mb sub-directories of 1Mb or more: libs 4.9Mb Flavors: r-release-macos-arm64, r-release-macos-x86_64, r-oldrel-macos-arm64, r-oldrel-macos-x86_64