CRAN Package Check Results for Package RMPSH

Last updated on 2021-06-12 23:49:18 CEST.

Flavor Version Tinstall Tcheck Ttotal Status Flags
r-devel-linux-x86_64-debian-clang 1.1.1 58.22 29.15 87.37 NOTE
r-devel-linux-x86_64-debian-gcc 1.1.1 34.67 23.12 57.79 NOTE
r-devel-linux-x86_64-fedora-clang 1.1.1 132.15 NOTE
r-devel-linux-x86_64-fedora-gcc 1.1.1 104.03 NOTE
r-devel-windows-x86_64 1.1.1 73.00 48.00 121.00 NOTE
r-devel-windows-x86_64-gcc10-UCRT 1.1.1 NOTE
r-patched-linux-x86_64 1.1.1 41.51 28.92 70.43 NOTE
r-patched-solaris-x86 1.1.1 111.40 NOTE
r-release-linux-x86_64 1.1.1 41.68 28.94 70.62 NOTE
r-release-macos-arm64 1.1.1 NOTE
r-release-macos-x86_64 1.1.1 NOTE
r-release-windows-ix86+x86_64 1.1.1 84.00 76.00 160.00 NOTE
r-oldrel-macos-x86_64 1.1.1 OK
r-oldrel-windows-ix86+x86_64 1.1.1 76.00 71.00 147.00 OK

Check Details

Version: 1.1.1
Check: LazyData
Result: NOTE
     'LazyData' is specified without a 'data' directory
Flavors: r-devel-linux-x86_64-debian-clang, r-devel-linux-x86_64-debian-gcc, r-devel-linux-x86_64-fedora-clang, r-devel-linux-x86_64-fedora-gcc, r-devel-windows-x86_64, r-devel-windows-x86_64-gcc10-UCRT, r-patched-linux-x86_64, r-patched-solaris-x86, r-release-linux-x86_64, r-release-macos-arm64, r-release-macos-x86_64, r-release-windows-ix86+x86_64