CRAN Package Check Results for Package RMAWGEN

Last updated on 2024-06-23 20:51:04 CEST.

Flavor Version Tinstall Tcheck Ttotal Status Flags
r-devel-linux-x86_64-debian-clang 1.3.7 5.76 64.72 70.48 NOTE
r-devel-linux-x86_64-debian-gcc 1.3.7 5.78 48.25 54.03 NOTE
r-devel-linux-x86_64-fedora-clang 1.3.7 87.47 NOTE
r-devel-linux-x86_64-fedora-gcc 1.3.7 85.28 NOTE
r-devel-windows-x86_64 1.3.7 7.00 78.00 85.00 NOTE
r-patched-linux-x86_64 1.3.7 12.15 60.74 72.89 NOTE
r-release-linux-x86_64 1.3.7 5.16 62.25 67.41 NOTE
r-release-macos-arm64 1.3.7 31.00 NOTE
r-release-macos-x86_64 1.3.7 44.00 NOTE
r-release-windows-x86_64 1.3.7 8.00 79.00 87.00 NOTE
r-oldrel-macos-arm64 1.3.7 33.00 OK
r-oldrel-macos-x86_64 1.3.7 51.00 OK
r-oldrel-windows-x86_64 1.3.7 10.00 90.00 100.00 OK

Check Details

Version: 1.3.7
Check: Rd files
Result: NOTE checkRd: (-1) ComprehensiveTemperatureGenerator.Rd:68: Lost braces; missing escapes or markup? 68 | \item{exogen_all}{data frame containing exogenous variable formatted like \code{Tx_all} and {Tn_all}. Default is \code{NULL}. | ^ checkRd: (-1) qqplot_RMAWGEN_Tx.Rd:70: Lost braces; missing escapes or markup? 70 | \code{Tx_gen},{Tn_gen} and \code{main} must have an even number of elements. | ^ Flavors: r-devel-linux-x86_64-debian-clang, r-devel-linux-x86_64-debian-gcc, r-devel-linux-x86_64-fedora-clang, r-devel-linux-x86_64-fedora-gcc, r-devel-windows-x86_64, r-patched-linux-x86_64, r-release-linux-x86_64, r-release-macos-arm64, r-release-macos-x86_64, r-release-windows-x86_64