CRAN Package Check Results for Package RLogicalOps

Last updated on 2021-06-12 23:49:18 CEST.

Flavor Version Tinstall Tcheck Ttotal Status Flags
r-devel-linux-x86_64-debian-clang 0.1 1.98 19.89 21.87 NOTE
r-devel-linux-x86_64-debian-gcc 0.1 1.59 16.12 17.71 NOTE
r-devel-linux-x86_64-fedora-clang 0.1 37.19 NOTE
r-devel-linux-x86_64-fedora-gcc 0.1 25.69 NOTE
r-devel-windows-x86_64 0.1 3.00 94.00 97.00 NOTE
r-devel-windows-x86_64-gcc10-UCRT 0.1 NOTE
r-patched-linux-x86_64 0.1 1.79 19.54 21.33 NOTE
r-patched-solaris-x86 0.1 40.70 NOTE
r-release-linux-x86_64 0.1 1.88 19.66 21.54 NOTE
r-release-macos-arm64 0.1 NOTE
r-release-macos-x86_64 0.1 NOTE
r-release-windows-ix86+x86_64 0.1 4.00 34.00 38.00 NOTE
r-oldrel-macos-x86_64 0.1 OK
r-oldrel-windows-ix86+x86_64 0.1 3.00 36.00 39.00 OK

Check Details

Version: 0.1
Check: LazyData
Result: NOTE
     'LazyData' is specified without a 'data' directory
Flavors: r-devel-linux-x86_64-debian-clang, r-devel-linux-x86_64-debian-gcc, r-devel-linux-x86_64-fedora-clang, r-devel-linux-x86_64-fedora-gcc, r-devel-windows-x86_64, r-devel-windows-x86_64-gcc10-UCRT, r-patched-linux-x86_64, r-patched-solaris-x86, r-release-linux-x86_64, r-release-macos-arm64, r-release-macos-x86_64, r-release-windows-ix86+x86_64