CRAN Package Check Results for Package RLRsim

Last updated on 2021-05-09 15:47:00 CEST.

Flavor Version Tinstall Tcheck Ttotal Status Flags
r-devel-linux-x86_64-debian-clang 3.1-6 28.23 71.96 100.19 OK
r-devel-linux-x86_64-debian-gcc 3.1-6 16.74 55.16 71.90 OK
r-devel-linux-x86_64-fedora-clang 3.1-6 133.19 OK
r-devel-linux-x86_64-fedora-gcc 3.1-6 119.04 OK
r-devel-windows-ix86+x86_64 3.1-6 39.00 125.00 164.00 OK
r-devel-windows-x86_64-gcc10-UCRT 3.1-6 OK
r-patched-linux-x86_64 3.1-6 19.92 70.23 90.15 OK
r-patched-solaris-x86 3.1-6 156.40 OK
r-release-linux-x86_64 3.1-6 21.91 67.31 89.22 OK
r-release-macos-x86_64 3.1-6 OK
r-release-windows-ix86+x86_64 3.1-6 44.00 106.00 150.00 OK
r-oldrel-macos-x86_64 3.1-6 OK
r-oldrel-windows-ix86+x86_64 3.1-6 55.00 9.00 64.00 ERROR

Check Details

Version: 3.1-6
Check: whether package can be installed
Result: ERROR
    Installation failed.
Flavor: r-oldrel-windows-ix86+x86_64