CRAN Package Check Results for Package RI2by2

Last updated on 2021-06-12 23:49:18 CEST.

Flavor Version Tinstall Tcheck Ttotal Status Flags
r-devel-linux-x86_64-debian-clang 1.3 19.44 33.17 52.61 OK
r-devel-linux-x86_64-debian-gcc 1.3 12.90 26.34 39.24 OK
r-devel-linux-x86_64-fedora-clang 1.3 83.74 NOTE
r-devel-linux-x86_64-fedora-gcc 1.3 64.87 NOTE
r-devel-windows-x86_64 1.3 25.00 132.00 157.00 OK
r-devel-windows-x86_64-gcc10-UCRT 1.3 OK
r-patched-linux-x86_64 1.3 14.99 32.76 47.75 OK
r-patched-solaris-x86 1.3 86.00 OK
r-release-linux-x86_64 1.3 15.80 33.09 48.89 OK
r-release-macos-arm64 1.3 OK
r-release-macos-x86_64 1.3 OK
r-release-windows-ix86+x86_64 1.3 39.00 78.00 117.00 OK
r-oldrel-macos-x86_64 1.3 OK
r-oldrel-windows-ix86+x86_64 1.3 41.00 85.00 126.00 OK

Check Details

Version: 1.3
Check: compiled code
Result: NOTE
    File ‘RI2by2/libs/RI2by2.so’:
     Found no calls to: ‘R_registerRoutines’, ‘R_useDynamicSymbols’
    
    It is good practice to register native routines and to disable symbol
    search.
    
    See ‘Writing portable packages’ in the ‘Writing R Extensions’ manual.
Flavors: r-devel-linux-x86_64-fedora-clang, r-devel-linux-x86_64-fedora-gcc