Last updated on 2021-01-26 15:49:55 CET.
Flavor | Version | Tinstall | Tcheck | Ttotal | Status | Flags |
---|---|---|---|---|---|---|
r-devel-linux-x86_64-debian-clang | 0.2.4 | 6.29 | 44.35 | 50.64 | OK | |
r-devel-linux-x86_64-debian-gcc | 0.2.4 | 5.48 | 33.63 | 39.11 | OK | |
r-devel-linux-x86_64-fedora-clang | 0.2.4 | 68.35 | NOTE | |||
r-devel-linux-x86_64-fedora-gcc | 0.2.4 | 59.39 | OK | |||
r-devel-windows-ix86+x86_64 | 0.2.4 | 13.00 | 62.00 | 75.00 | OK | |
r-patched-linux-x86_64 | 0.2.4 | 5.35 | 42.00 | 47.35 | OK | |
r-patched-solaris-x86 | 0.2.4 | 86.20 | OK | |||
r-release-linux-x86_64 | 0.2.4 | 5.55 | 42.02 | 47.57 | OK | |
r-release-macos-x86_64 | 0.2.4 | OK | ||||
r-release-windows-ix86+x86_64 | 0.2.4 | 14.00 | 52.00 | 66.00 | OK | |
r-oldrel-macos-x86_64 | 0.2.4 | OK | ||||
r-oldrel-windows-ix86+x86_64 | 0.2.4 | 9.00 | 59.00 | 68.00 | OK |
Version: 0.2.4
Check: Rd cross-references
Result: NOTE
Undeclared package ‘DBI’ in Rd xrefs
Flavor: r-devel-linux-x86_64-fedora-clang