CRAN Package Check Results for Package RGF

Last updated on 2021-06-22 11:50:06 CEST.

Flavor Version Tinstall Tcheck Ttotal Status Flags
r-devel-linux-x86_64-debian-clang 1.0.8 10.74 69.13 79.87 OK
r-devel-linux-x86_64-debian-gcc 1.0.8 8.86 53.81 62.67 OK
r-devel-linux-x86_64-fedora-clang 1.0.8 104.52 OK
r-devel-linux-x86_64-fedora-gcc 1.0.8 94.40 OK
r-devel-windows-x86_64 1.0.8 16.00 85.00 101.00 OK
r-devel-windows-x86_64-gcc10-UCRT 1.0.8 NOTE
r-patched-linux-x86_64 1.0.8 11.97 66.73 78.70 OK
r-patched-solaris-x86 1.0.8 144.30 OK
r-release-linux-x86_64 1.0.8 11.17 67.95 79.12 OK
r-release-macos-arm64 1.0.8 OK
r-release-macos-x86_64 1.0.8 OK
r-release-windows-ix86+x86_64 1.0.8 21.00 87.00 108.00 OK
r-oldrel-macos-x86_64 1.0.8 OK

Check Details

Version: 1.0.8
Check: package dependencies
Result: NOTE
    Package suggested but not available for checking: 'covr'
Flavor: r-devel-windows-x86_64-gcc10-UCRT