CRAN Package Check Results for Package RGA

Last updated on 2021-06-22 11:50:06 CEST.

Flavor Version Tinstall Tcheck Ttotal Status Flags
r-devel-linux-x86_64-debian-clang 0.4.2 4.52 52.91 57.43 OK
r-devel-linux-x86_64-debian-gcc 0.4.2 4.10 40.94 45.04 OK
r-devel-linux-x86_64-fedora-clang 0.4.2 79.00 OK
r-devel-linux-x86_64-fedora-gcc 0.4.2 68.45 OK
r-devel-windows-x86_64 0.4.2 7.00 71.00 78.00 OK
r-devel-windows-x86_64-gcc10-UCRT 0.4.2 ERROR
r-patched-linux-x86_64 0.4.2 5.86 51.75 57.61 OK
r-patched-solaris-x86 0.4.2 97.30 OK
r-release-linux-x86_64 0.4.2 4.89 52.34 57.23 OK
r-release-macos-arm64 0.4.2 OK
r-release-macos-x86_64 0.4.2 OK
r-release-windows-ix86+x86_64 0.4.2 11.00 74.00 85.00 OK
r-oldrel-macos-x86_64 0.4.2 OK

Check Details

Version: 0.4.2
Check: package dependencies
Result: ERROR
    Package required but not available: 'httr'
    
    See section 'The DESCRIPTION file' in the 'Writing R Extensions'
    manual.
Flavor: r-devel-windows-x86_64-gcc10-UCRT