CRAN Package Check Results for Package RDSsamplesize

Last updated on 2023-02-06 11:56:17 CET.

Flavor Version Tinstall Tcheck Ttotal Status Flags
r-devel-linux-x86_64-debian-clang 0.2.0 21.29 35.01 56.30 NOTE
r-devel-linux-x86_64-debian-gcc 0.2.0 16.94 26.32 43.26 NOTE
r-devel-linux-x86_64-fedora-clang 0.2.0 78.17 NOTE
r-devel-linux-x86_64-fedora-gcc 0.2.0 80.64 NOTE
r-devel-windows-x86_64 0.2.0 28.00 88.00 116.00 NOTE
r-patched-linux-x86_64 0.2.0 15.79 34.22 50.01 OK
r-release-linux-x86_64 0.2.0 15.89 34.41 50.30 OK
r-release-macos-arm64 0.2.0 27.00 OK
r-release-macos-x86_64 0.2.0 36.00 OK
r-release-windows-x86_64 0.2.0 39.00 88.00 127.00 OK
r-oldrel-macos-arm64 0.2.0 26.00 OK
r-oldrel-macos-x86_64 0.2.0 41.00 OK
r-oldrel-windows-ix86+x86_64 0.2.0 52.00 90.00 142.00 OK

Check Details

Version: 0.2.0
Check: C++ specification
Result: NOTE
     Specified C++11: please update to current default of C++17
Flavors: r-devel-linux-x86_64-debian-clang, r-devel-linux-x86_64-debian-gcc, r-devel-linux-x86_64-fedora-clang, r-devel-linux-x86_64-fedora-gcc, r-devel-windows-x86_64