Last updated on 2021-01-26 15:49:54 CET.
Flavor | Version | Tinstall | Tcheck | Ttotal | Status | Flags |
---|---|---|---|---|---|---|
r-devel-linux-x86_64-debian-clang | 0.5.2 | 104.47 | 57.15 | 161.62 | OK | |
r-devel-linux-x86_64-debian-gcc | 0.5.2 | 74.82 | 42.91 | 117.73 | OK | |
r-devel-linux-x86_64-fedora-clang | 0.5.2 | 260.42 | NOTE | |||
r-devel-linux-x86_64-fedora-gcc | 0.5.2 | 207.95 | OK | |||
r-devel-windows-ix86+x86_64 | 0.5.2 | 264.00 | 117.00 | 381.00 | OK | |
r-patched-linux-x86_64 | 0.5.2 | 87.97 | 53.33 | 141.30 | OK | |
r-patched-solaris-x86 | 0.5.2 | 201.80 | OK | |||
r-release-linux-x86_64 | 0.5.2 | 91.19 | 53.13 | 144.32 | OK | |
r-release-macos-x86_64 | 0.5.2 | NOTE | ||||
r-release-windows-ix86+x86_64 | 0.5.2 | 262.00 | 103.00 | 365.00 | OK | |
r-oldrel-macos-x86_64 | 0.5.2 | WARN | ||||
r-oldrel-windows-ix86+x86_64 | 0.5.2 | 214.00 | 111.00 | 325.00 | OK |
Version: 0.5.2
Check: installed package size
Result: NOTE
installed size is 13.8Mb
sub-directories of 1Mb or more:
libs 13.4Mb
Flavors: r-devel-linux-x86_64-fedora-clang, r-release-macos-x86_64, r-oldrel-macos-x86_64
Version: 0.5.2
Check: for executable files
Result: WARN
Found the following executable file:
src/vendor/clickhouse-cpp/contrib/lz4/LICENSE
Source packages should not contain undeclared executable files.
See section ‘Package structure’ in the ‘Writing R Extensions’ manual.
Flavor: r-oldrel-macos-x86_64