Last updated on 2022-05-24 11:50:14 CEST.
Flavor | Version | Tinstall | Tcheck | Ttotal | Status | Flags |
---|---|---|---|---|---|---|
r-devel-linux-x86_64-debian-clang | 2.190 | 28.98 | 93.90 | 122.88 | WARN | |
r-devel-linux-x86_64-debian-gcc | 2.190 | 17.64 | 71.80 | 89.44 | OK | |
r-devel-linux-x86_64-fedora-clang | 2.190 | 161.24 | WARN | |||
r-devel-linux-x86_64-fedora-gcc | 2.190 | 152.77 | OK | |||
r-devel-windows-x86_64 | 2.190 | 34.00 | 121.00 | 155.00 | OK | |
r-patched-linux-x86_64 | 2.190 | 22.22 | 91.09 | 113.31 | OK | |
r-release-linux-x86_64 | 2.190 | OK | ||||
r-release-macos-arm64 | 2.190 | 40.00 | OK | |||
r-release-macos-x86_64 | 2.190 | 56.00 | OK | |||
r-release-windows-x86_64 | 2.190 | 36.00 | 123.00 | 159.00 | OK | |
r-oldrel-macos-arm64 | 2.190 | 44.00 | OK | |||
r-oldrel-macos-x86_64 | 2.190 | 68.00 | OK | |||
r-oldrel-windows-ix86+x86_64 | 2.190 | 56.00 | 138.00 | 194.00 | OK |
Version: 2.190
Check: whether package can be installed
Result: WARN
Found the following significant warnings:
myDerivs4.cc:45:6: warning: use of bitwise '&' with boolean operands [-Wbitwise-instead-of-logical]
myParms4.cc:79:6: warning: use of bitwise '&' with boolean operands [-Wbitwise-instead-of-logical]
Flavors: r-devel-linux-x86_64-debian-clang, r-devel-linux-x86_64-fedora-clang