CRAN Package Check Results for Package RCMinification

Last updated on 2024-07-24 15:51:46 CEST.

Flavor Version Tinstall Tcheck Ttotal Status Flags
r-devel-linux-x86_64-debian-clang 1.2 2.50 26.53 29.03 NOTE
r-devel-linux-x86_64-debian-gcc 1.2 1.77 19.97 21.74 NOTE
r-devel-linux-x86_64-fedora-clang 1.2 36.69 NOTE
r-devel-linux-x86_64-fedora-gcc 1.2 37.17 NOTE
r-devel-windows-x86_64 1.2 3.00 45.00 48.00 NOTE
r-patched-linux-x86_64 1.2 2.55 25.79 28.34 NOTE
r-release-linux-x86_64 1.2 2.42 24.92 27.34 NOTE
r-release-macos-arm64 1.2 14.00 NOTE
r-release-macos-x86_64 1.2 20.00 NOTE
r-release-windows-x86_64 1.2 3.00 45.00 48.00 NOTE
r-oldrel-macos-arm64 1.2 16.00 OK
r-oldrel-macos-x86_64 1.2 21.00 OK
r-oldrel-windows-x86_64 1.2 3.00 46.00 49.00 OK

Check Details

Version: 1.2
Check: Rd files
Result: NOTE checkRd: (-1) nonlinearAR1.sim.Rd:8: Lost braces; missing escapes or markup? 8 | of the form z_n = g(z_{n-1}) + epsilon. A normal distribution is assumed for the innovations. | ^ Flavors: r-devel-linux-x86_64-debian-clang, r-devel-linux-x86_64-debian-gcc, r-devel-linux-x86_64-fedora-clang, r-devel-linux-x86_64-fedora-gcc, r-devel-windows-x86_64, r-patched-linux-x86_64, r-release-linux-x86_64, r-release-macos-arm64, r-release-macos-x86_64, r-release-windows-x86_64