CRAN Package Check Results for Package RCGLS

Last updated on 2021-06-20 19:50:39 CEST.

Flavor Version Tinstall Tcheck Ttotal Status Flags
r-devel-linux-x86_64-debian-clang 1.0.3 9.69 80.02 89.71 NOTE
r-devel-linux-x86_64-debian-gcc 1.0.3 6.34 62.05 68.39 NOTE
r-devel-linux-x86_64-fedora-clang 1.0.3 116.61 NOTE
r-devel-linux-x86_64-fedora-gcc 1.0.3 103.90 NOTE
r-devel-windows-x86_64 1.0.3 12.00 103.00 115.00 NOTE
r-devel-windows-x86_64-gcc10-UCRT 1.0.3 NOTE
r-patched-linux-x86_64 1.0.3 9.27 77.51 86.78 NOTE
r-patched-solaris-x86 1.0.3 152.40 NOTE
r-release-linux-x86_64 1.0.3 8.32 77.35 85.67 NOTE
r-release-macos-arm64 1.0.3 NOTE
r-release-macos-x86_64 1.0.3 NOTE
r-release-windows-ix86+x86_64 1.0.3 20.00 100.00 120.00 NOTE
r-oldrel-macos-x86_64 1.0.3 OK

Check Details

Version: 1.0.3
Check: LazyData
Result: NOTE
     'LazyData' is specified without a 'data' directory
Flavors: r-devel-linux-x86_64-debian-clang, r-devel-linux-x86_64-debian-gcc, r-devel-linux-x86_64-fedora-clang, r-devel-linux-x86_64-fedora-gcc, r-devel-windows-x86_64, r-devel-windows-x86_64-gcc10-UCRT, r-patched-linux-x86_64, r-patched-solaris-x86, r-release-linux-x86_64, r-release-macos-arm64, r-release-macos-x86_64, r-release-windows-ix86+x86_64