Last updated on 2021-03-08 19:51:19 CET.
Flavor | Version | Tinstall | Tcheck | Ttotal | Status | Flags |
---|---|---|---|---|---|---|
r-devel-linux-x86_64-debian-clang | 0.5.9 | 8.29 | 67.22 | 75.51 | OK | |
r-devel-linux-x86_64-debian-gcc | 0.5.9 | 6.76 | 52.36 | 59.12 | OK | |
r-devel-linux-x86_64-fedora-clang | 0.5.9 | 101.77 | OK | |||
r-devel-linux-x86_64-fedora-gcc | 0.5.9 | 90.56 | OK | |||
r-devel-windows-ix86+x86_64 | 0.5.9 | 18.00 | 84.00 | 102.00 | OK | |
r-devel-windows-x86_64-gcc10-UCRT | 0.5.9 | OK | ||||
r-patched-linux-x86_64 | 0.5.9 | 8.38 | 62.46 | 70.84 | OK | |
r-release-linux-x86_64 | 0.5.9 | 8.16 | 63.03 | 71.19 | OK | |
r-release-macos-x86_64 | 0.5.9 | OK | ||||
r-release-windows-ix86+x86_64 | 0.5.9 | 17.00 | 84.00 | 101.00 | OK | |
r-oldrel-macos-x86_64 | 0.5.9 | OK | ||||
r-oldrel-windows-ix86+x86_64 | 0.5.9 | 0.00 | 6.00 | 6.00 | ERROR |
Version: 0.5.9
Check: package dependencies
Result: ERROR
Package required but not available: 'REBayes'
See section 'The DESCRIPTION file' in the 'Writing R Extensions'
manual.
Flavor: r-oldrel-windows-ix86+x86_64