CRAN Package Check Results for Package RAhrefs

Last updated on 2021-06-20 19:50:37 CEST.

Flavor Version Tinstall Tcheck Ttotal Status Flags
r-devel-linux-x86_64-debian-clang 0.1.4 3.96 35.86 39.82 OK
r-devel-linux-x86_64-debian-gcc 0.1.4 3.01 27.96 30.97 OK
r-devel-linux-x86_64-fedora-clang 0.1.4 58.22 NOTE
r-devel-linux-x86_64-fedora-gcc 0.1.4 46.64 NOTE
r-devel-windows-x86_64 0.1.4 6.00 57.00 63.00 OK
r-devel-windows-x86_64-gcc10-UCRT 0.1.4 ERROR
r-patched-linux-x86_64 0.1.4 5.94 34.67 40.61 OK
r-patched-solaris-x86 0.1.4 69.00 NOTE
r-release-linux-x86_64 0.1.4 3.60 34.56 38.16 OK
r-release-macos-arm64 0.1.4 NOTE
r-release-macos-x86_64 0.1.4 NOTE
r-release-windows-ix86+x86_64 0.1.4 7.00 56.00 63.00 OK
r-oldrel-macos-x86_64 0.1.4 NOTE

Check Details

Version: 0.1.4
Check: dependencies in R code
Result: NOTE
    Namespace in Imports field not imported from: ‘testthat’
     All declared Imports should be used.
Flavors: r-devel-linux-x86_64-fedora-clang, r-devel-linux-x86_64-fedora-gcc, r-patched-solaris-x86, r-release-macos-arm64, r-release-macos-x86_64, r-oldrel-macos-x86_64

Version: 0.1.4
Check: package dependencies
Result: ERROR
    Package required but not available: 'httr'
    
    See section 'The DESCRIPTION file' in the 'Writing R Extensions'
    manual.
Flavor: r-devel-windows-x86_64-gcc10-UCRT