CRAN Package Check Results for Package RABR

Last updated on 2021-11-28 07:50:53 CET.

Flavor Version Tinstall Tcheck Ttotal Status Flags
r-devel-linux-x86_64-debian-clang 0.1.0 OK
r-devel-linux-x86_64-debian-gcc 0.1.0 2.08 33.97 36.05 OK
r-devel-linux-x86_64-fedora-clang 0.1.0 65.88 NOTE
r-devel-linux-x86_64-fedora-gcc 0.1.0 54.28 NOTE
r-devel-windows-x86_64-new-UL 0.1.0 7.00 624.00 631.00 OK
r-devel-windows-x86_64-new-TK 0.1.0 NOTE
r-devel-windows-x86_64-old 0.1.0 7.00 514.00 521.00 OK
r-patched-linux-x86_64 0.1.0 2.92 41.95 44.87 OK
r-patched-solaris-x86 0.1.0 138.10 NOTE
r-release-linux-x86_64 0.1.0 2.67 42.82 45.49 OK
r-release-macos-arm64 0.1.0 NOTE
r-release-macos-x86_64 0.1.0 NOTE
r-release-windows-ix86+x86_64 0.1.0 6.00 611.00 617.00 OK
r-oldrel-macos-x86_64 0.1.0 NOTE
r-oldrel-windows-ix86+x86_64 0.1.0 18.00 593.00 611.00 OK

Check Details

Version: 0.1.0
Check: dependencies in R code
Result: NOTE
    Namespaces in Imports field not imported from:
     ‘asd’ ‘cubature’ ‘data.table’ ‘ggplot2’ ‘multxpert’ ‘survival’
     All declared Imports should be used.
Flavors: r-devel-linux-x86_64-fedora-clang, r-devel-linux-x86_64-fedora-gcc, r-devel-windows-x86_64-new-TK, r-patched-solaris-x86, r-release-macos-arm64, r-release-macos-x86_64, r-oldrel-macos-x86_64