CRAN Package Check Results for Package R6P

Last updated on 2021-12-02 04:02:30 CET.

Flavor Version Tinstall Tcheck Ttotal Status Flags
r-devel-linux-x86_64-debian-clang 0.2.2 2.68 27.46 30.14 OK
r-devel-linux-x86_64-debian-gcc 0.2.2 2.65 21.64 24.29 OK
r-devel-linux-x86_64-fedora-clang 0.2.2 48.43 NOTE
r-devel-linux-x86_64-fedora-gcc 0.2.2 37.62 NOTE
r-devel-windows-x86_64-new-UL 0.2.2 8.00 63.00 71.00 OK
r-devel-windows-x86_64-new-TK 0.2.2 NOTE
r-devel-windows-x86_64-old 0.2.2 6.00 39.00 45.00 OK
r-patched-linux-x86_64 0.2.2 3.40 25.90 29.30 OK
r-patched-solaris-x86 0.2.2 57.90 NOTE
r-release-linux-x86_64 0.2.2 3.45 26.13 29.58 OK
r-release-macos-arm64 0.2.2 NOTE
r-release-macos-x86_64 0.2.2 NOTE
r-release-windows-ix86+x86_64 0.2.2 7.00 46.00 53.00 OK
r-oldrel-macos-x86_64 0.2.2 NOTE
r-oldrel-windows-ix86+x86_64 0.2.2 7.00 47.00 54.00 OK

Check Details

Version: 0.2.2
Check: dependencies in R code
Result: NOTE
    Namespaces in Imports field not imported from:
     ‘R6’ ‘collections’ ‘dplyr’
     All declared Imports should be used.
Flavors: r-devel-linux-x86_64-fedora-clang, r-devel-linux-x86_64-fedora-gcc, r-devel-windows-x86_64-new-TK, r-patched-solaris-x86, r-release-macos-arm64, r-release-macos-x86_64, r-oldrel-macos-x86_64