CRAN Package Check Results for Package R6

Last updated on 2021-05-14 07:57:27 CEST.

Flavor Version Tinstall Tcheck Ttotal Status Flags
r-devel-linux-x86_64-debian-clang 2.5.0 1.45 29.90 31.35 NOTE
r-devel-linux-x86_64-debian-gcc 2.5.0 1.96 23.55 25.51 NOTE
r-devel-linux-x86_64-fedora-clang 2.5.0 48.84 NOTE
r-devel-linux-x86_64-fedora-gcc 2.5.0 36.83 NOTE
r-devel-windows-ix86+x86_64 2.5.0 7.00 47.00 54.00 NOTE
r-devel-windows-x86_64-gcc10-UCRT 2.5.0 NOTE
r-patched-linux-x86_64 2.5.0 2.09 28.91 31.00 NOTE
r-patched-solaris-x86 2.5.0 56.60 NOTE
r-release-linux-x86_64 2.5.0 1.60 28.84 30.44 OK
r-release-macos-x86_64 2.5.0 OK
r-release-windows-ix86+x86_64 2.5.0 10.00 47.00 57.00 OK
r-oldrel-macos-x86_64 2.5.0 OK
r-oldrel-windows-ix86+x86_64 2.5.0 5.00 43.00 48.00 OK

Check Details

Version: 2.5.0
Check: LazyData
Result: NOTE
     'LazyData' is specified without a 'data' directory
Flavors: r-devel-linux-x86_64-debian-clang, r-devel-linux-x86_64-debian-gcc, r-devel-linux-x86_64-fedora-clang, r-devel-linux-x86_64-fedora-gcc, r-devel-windows-ix86+x86_64, r-devel-windows-x86_64-gcc10-UCRT, r-patched-linux-x86_64, r-patched-solaris-x86