Last updated on 2021-03-02 15:48:10 CET.
Flavor | Version | Tinstall | Tcheck | Ttotal | Status | Flags |
---|---|---|---|---|---|---|
r-devel-linux-x86_64-debian-clang | 0.8-7 | OK | ||||
r-devel-linux-x86_64-debian-gcc | 0.8-7 | 47.77 | 147.79 | 195.56 | OK | |
r-devel-linux-x86_64-fedora-clang | 0.8-7 | 326.98 | NOTE | |||
r-devel-linux-x86_64-fedora-gcc | 0.8-7 | 307.35 | OK | |||
r-devel-windows-ix86+x86_64 | 0.8-7 | 79.00 | 169.00 | 248.00 | OK | |
r-patched-linux-x86_64 | 0.8-7 | 55.68 | 180.48 | 236.16 | OK | |
r-release-linux-x86_64 | 0.8-7 | 55.05 | 180.32 | 235.37 | OK | |
r-release-macos-x86_64 | 0.8-7 | OK | ||||
r-release-windows-ix86+x86_64 | 0.8-7 | 111.00 | 238.00 | 349.00 | OK | |
r-oldrel-macos-x86_64 | 0.8-7 | OK | ||||
r-oldrel-windows-ix86+x86_64 | 0.8-7 | 64.00 | 210.00 | 274.00 | OK |
Version: 0.8-7
Check: Rd cross-references
Result: NOTE
Undeclared package ‘generics’ in Rd xrefs
Flavor: r-devel-linux-x86_64-fedora-clang