CRAN Package Check Results for Package R2019nCoV

Last updated on 2021-06-20 19:50:37 CEST.

Flavor Version Tinstall Tcheck Ttotal Status Flags
r-devel-linux-x86_64-debian-clang 0.1.0 8.22 69.25 77.47 OK
r-devel-linux-x86_64-debian-gcc 0.1.0 6.42 48.42 54.84 OK
r-devel-linux-x86_64-fedora-clang 0.1.0 94.70 NOTE
r-devel-linux-x86_64-fedora-gcc 0.1.0 82.38 NOTE
r-devel-windows-x86_64 0.1.0 12.00 98.00 110.00 OK
r-devel-windows-x86_64-gcc10-UCRT 0.1.0 NOTE
r-patched-linux-x86_64 0.1.0 7.67 59.77 67.44 OK
r-patched-solaris-x86 0.1.0 124.70 NOTE
r-release-linux-x86_64 0.1.0 6.87 61.08 67.95 OK
r-release-macos-arm64 0.1.0 NOTE
r-release-macos-x86_64 0.1.0 NOTE
r-release-windows-ix86+x86_64 0.1.0 17.00 99.00 116.00 OK
r-oldrel-macos-x86_64 0.1.0 NOTE

Check Details

Version: 0.1.0
Check: data for non-ASCII characters
Result: NOTE
     Note: found 89912 marked UTF-8 strings
Flavors: r-devel-linux-x86_64-fedora-clang, r-devel-linux-x86_64-fedora-gcc, r-devel-windows-x86_64-gcc10-UCRT, r-patched-solaris-x86, r-release-macos-arm64, r-release-macos-x86_64, r-oldrel-macos-x86_64