Last updated on 2023-09-26 16:13:08 CEST.
Flavor | Version | Tinstall | Tcheck | Ttotal | Status | Flags |
---|---|---|---|---|---|---|
r-devel-linux-x86_64-debian-clang | 1.1 | 45.23 | 356.39 | 401.62 | OK | |
r-devel-linux-x86_64-debian-gcc | 1.1 | 31.66 | 253.40 | 285.06 | OK | |
r-devel-linux-x86_64-fedora-clang | 1.1 | 489.07 | NOTE | |||
r-devel-linux-x86_64-fedora-gcc | 1.1 | 508.52 | OK | |||
r-devel-windows-x86_64 | 1.1 | 36.00 | 250.00 | 286.00 | NOTE | |
r-patched-linux-x86_64 | 1.1 | 44.19 | 335.56 | 379.75 | OK | |
r-release-linux-x86_64 | 1.1 | 35.73 | 343.17 | 378.90 | OK | |
r-release-macos-arm64 | 1.1 | 123.00 | NOTE | |||
r-release-macos-x86_64 | 1.1 | 171.00 | NOTE | |||
r-release-windows-x86_64 | 1.1 | 50.00 | 333.00 | 383.00 | NOTE | |
r-oldrel-macos-arm64 | 1.1 | 132.00 | NOTE | |||
r-oldrel-macos-x86_64 | 1.1 | 197.00 | NOTE | |||
r-oldrel-windows-x86_64 | 1.1 | 50.00 | 311.00 | 361.00 | NOTE |
Version: 1.1
Check: installed package size
Result: NOTE
installed size is 7.2Mb
sub-directories of 1Mb or more:
doc 3.7Mb
shiny_app 1.4Mb
Flavors: r-devel-linux-x86_64-fedora-clang, r-devel-windows-x86_64, r-release-macos-arm64, r-release-macos-x86_64, r-release-windows-x86_64, r-oldrel-macos-arm64, r-oldrel-macos-x86_64, r-oldrel-windows-x86_64