CRAN Package Check Results for Package Quartet

Last updated on 2021-06-21 07:48:54 CEST.

Flavor Version Tinstall Tcheck Ttotal Status Flags
r-devel-linux-x86_64-debian-clang 1.2.2 138.73 142.60 281.33 OK
r-devel-linux-x86_64-debian-gcc 1.2.2 82.74 110.59 193.33 OK
r-devel-linux-x86_64-fedora-clang 1.2.2 375.58 OK
r-devel-linux-x86_64-fedora-gcc 1.2.2 327.47 OK
r-devel-windows-x86_64 1.2.2 150.00 195.00 345.00 OK
r-devel-windows-x86_64-gcc10-UCRT 1.2.2 NOTE
r-patched-linux-x86_64 1.2.2 102.35 137.09 239.44 OK
r-patched-solaris-x86 1.2.2 370.50 OK
r-release-linux-x86_64 1.2.2 95.79 138.24 234.03 OK
r-release-macos-arm64 1.2.2 OK
r-release-macos-x86_64 1.2.2 OK
r-release-windows-ix86+x86_64 1.2.2 285.00 288.00 573.00 OK
r-oldrel-macos-x86_64 1.2.2 OK

Check Details

Version: 1.2.2
Check: package dependencies
Result: NOTE
    Package suggested but not available for checking: 'usethis'
Flavor: r-devel-windows-x86_64-gcc10-UCRT