Last updated on 2021-01-20 03:48:18 CET.
Flavor | Version | Tinstall | Tcheck | Ttotal | Status | Flags |
---|---|---|---|---|---|---|
r-devel-linux-x86_64-debian-clang | 0.5.7.1 | 152.00 | 52.99 | 204.99 | OK | |
r-devel-linux-x86_64-debian-gcc | 0.5.7.1 | 91.58 | 40.80 | 132.38 | OK | |
r-devel-linux-x86_64-fedora-clang | 0.5.7.1 | 304.34 | NOTE | |||
r-devel-linux-x86_64-fedora-gcc | 0.5.7.1 | 247.17 | OK | |||
r-devel-windows-ix86+x86_64 | 0.5.7.1 | 260.00 | 80.00 | 340.00 | NOTE | |
r-patched-linux-x86_64 | 0.5.7.1 | 109.37 | 49.53 | 158.90 | OK | |
r-patched-solaris-x86 | 0.5.7.1 | 217.40 | NOTE | |||
r-release-linux-x86_64 | 0.5.7.1 | 109.91 | 50.02 | 159.93 | OK | |
r-release-macos-x86_64 | 0.5.7.1 | NOTE | ||||
r-release-windows-ix86+x86_64 | 0.5.7.1 | 277.00 | 79.00 | 356.00 | NOTE | |
r-oldrel-macos-x86_64 | 0.5.7.1 | NOTE | ||||
r-oldrel-windows-ix86+x86_64 | 0.5.7.1 | 228.00 | 70.00 | 298.00 | NOTE |
Version: 0.5.7.1
Check: installed package size
Result: NOTE
installed size is 11.2Mb
sub-directories of 1Mb or more:
data 4.5Mb
libs 5.9Mb
Flavors: r-devel-linux-x86_64-fedora-clang, r-devel-windows-ix86+x86_64, r-patched-solaris-x86, r-release-macos-x86_64, r-release-windows-ix86+x86_64, r-oldrel-macos-x86_64, r-oldrel-windows-ix86+x86_64