CRAN Package Check Results for Package QFASA

Last updated on 2021-12-08 19:51:44 CET.

Flavor Version Tinstall Tcheck Ttotal Status Flags
r-devel-linux-x86_64-debian-clang 1.1.1 199.06 99.13 298.19 OK
r-devel-linux-x86_64-debian-gcc 1.1.1 163.27 76.00 239.27 OK
r-devel-linux-x86_64-fedora-clang 1.1.1 423.75 NOTE
r-devel-linux-x86_64-fedora-gcc 1.1.1 418.68 OK
r-devel-windows-x86_64-new-UL 1.1.1 207.00 191.00 398.00 NOTE
r-devel-windows-x86_64-new-TK 1.1.1 OK
r-devel-windows-x86_64-old 1.1.1 198.00 159.00 357.00 NOTE
r-patched-linux-x86_64 1.1.1 186.62 99.02 285.64 OK
r-release-linux-x86_64 1.1.1 176.82 98.42 275.24 OK
r-release-macos-arm64 1.1.1 NOTE
r-release-macos-x86_64 1.1.1 NOTE
r-release-windows-ix86+x86_64 1.1.1 139.00 139.00 278.00 NOTE
r-oldrel-macos-x86_64 1.1.1 NOTE
r-oldrel-windows-ix86+x86_64 1.1.1 206.00 140.00 346.00 NOTE

Check Details

Version: 1.1.1
Check: installed package size
Result: NOTE
     installed size is 53.6Mb
     sub-directories of 1Mb or more:
     libs 53.0Mb
Flavors: r-devel-linux-x86_64-fedora-clang, r-devel-windows-x86_64-new-UL, r-devel-windows-x86_64-old, r-release-macos-arm64, r-release-macos-x86_64, r-release-windows-ix86+x86_64, r-oldrel-macos-x86_64, r-oldrel-windows-ix86+x86_64