CRAN Package Check Results for Package QDiabetes

Last updated on 2021-06-13 03:48:19 CEST.

Flavor Version Tinstall Tcheck Ttotal Status Flags
r-devel-linux-x86_64-debian-clang 1.0-2 50.47 122.62 173.09 OK
r-devel-linux-x86_64-debian-gcc 1.0-2 47.90 104.21 152.11 OK
r-devel-linux-x86_64-fedora-clang 1.0-2 254.90 OK
r-devel-linux-x86_64-fedora-gcc 1.0-2 223.46 OK
r-devel-windows-x86_64 1.0-2 75.00 147.00 222.00 OK
r-devel-windows-x86_64-gcc10-UCRT 1.0-2 OK
r-patched-linux-x86_64 1.0-2 51.77 119.60 171.37 OK
r-patched-solaris-x86 1.0-2 440.90 OK
r-release-linux-x86_64 1.0-2 49.82 119.62 169.44 OK
r-release-macos-arm64 1.0-2 NOTE
r-release-macos-x86_64 1.0-2 OK
r-release-windows-ix86+x86_64 1.0-2 68.00 109.00 177.00 OK
r-oldrel-macos-x86_64 1.0-2 OK
r-oldrel-windows-ix86+x86_64 1.0-2 84.00 151.00 235.00 OK

Check Details

Version: 1.0-2
Check: installed package size
Result: NOTE
     installed size is 5.3Mb
     sub-directories of 1Mb or more:
     R 5.1Mb
Flavor: r-release-macos-arm64