CRAN Package Check Results for Package ProfoundData

Last updated on 2023-02-08 23:57:19 CET.

Flavor Version Tinstall Tcheck Ttotal Status Flags
r-devel-linux-x86_64-debian-clang 0.2.1 9.04 69.04 78.08 NOTE
r-devel-linux-x86_64-debian-gcc 0.2.1 6.44 52.90 59.34 NOTE
r-devel-linux-x86_64-fedora-clang 0.2.1 103.55 NOTE
r-devel-linux-x86_64-fedora-gcc 0.2.1 106.25 NOTE
r-devel-windows-x86_64 0.2.1 33.00 103.00 136.00 NOTE
r-patched-linux-x86_64 0.2.1 12.72 68.46 81.18 NOTE
r-release-linux-x86_64 0.2.1 6.42 65.32 71.74 NOTE
r-release-macos-arm64 0.2.1 30.00 NOTE
r-release-macos-x86_64 0.2.1 42.00 NOTE
r-release-windows-x86_64 0.2.1 42.00 102.00 144.00 NOTE
r-oldrel-macos-arm64 0.2.1 38.00 NOTE
r-oldrel-macos-x86_64 0.2.1 55.00 NOTE
r-oldrel-windows-ix86+x86_64 0.2.1 21.00 93.00 114.00 NOTE

Check Details

Version: 0.2.1
Check: LazyData
Result: NOTE
     'LazyData' is specified without a 'data' directory
Flavors: r-devel-linux-x86_64-debian-clang, r-devel-linux-x86_64-debian-gcc, r-devel-linux-x86_64-fedora-clang, r-devel-linux-x86_64-fedora-gcc, r-devel-windows-x86_64, r-patched-linux-x86_64, r-release-linux-x86_64, r-release-macos-arm64, r-release-macos-x86_64, r-release-windows-x86_64, r-oldrel-macos-arm64, r-oldrel-macos-x86_64, r-oldrel-windows-ix86+x86_64