CRAN Package Check Results for Package ProFAST

Last updated on 2024-04-17 08:57:40 CEST.

Flavor Version Tinstall Tcheck Ttotal Status Flags
r-devel-linux-x86_64-debian-clang 1.4 193.17 691.26 884.43 OK
r-devel-linux-x86_64-debian-gcc 1.4 149.62 514.86 664.48 OK
r-devel-linux-x86_64-fedora-clang 1.4 1298.55 NOTE
r-devel-linux-x86_64-fedora-gcc 1.4 1291.13 NOTE
r-prerel-macos-arm64 1.4 5.00 ERROR
r-prerel-macos-x86_64 1.4 291.00 NOTE
r-prerel-windows-x86_64 1.4 176.00 474.00 650.00 OK
r-patched-linux-x86_64 1.4 196.15 667.43 863.58 OK
r-release-linux-x86_64 1.4 190.26 690.96 881.22 OK
r-release-macos-arm64 1.4 191.00 NOTE
r-release-macos-x86_64 1.4 6.00 ERROR
r-release-windows-x86_64 1.4 206.00 652.00 858.00 OK
r-oldrel-macos-arm64 1.4 172.00 NOTE
r-oldrel-windows-x86_64 1.4 189.00 581.00 770.00 OK

Check Details

Version: 1.4
Check: dependencies in R code
Result: NOTE Namespace in Imports field not imported from: ‘Rcpp’ All declared Imports should be used. Flavors: r-devel-linux-x86_64-fedora-clang, r-devel-linux-x86_64-fedora-gcc

Version: 1.4
Check: package dependencies
Result: ERROR Package required but not available: ‘org.Mm.eg.db’ See section ‘The DESCRIPTION file’ in the ‘Writing R Extensions’ manual. Flavors: r-prerel-macos-arm64, r-release-macos-x86_64

Version: 1.4
Check: installed package size
Result: NOTE installed size is 15.9Mb sub-directories of 1Mb or more: data 2.2Mb libs 13.1Mb Flavors: r-prerel-macos-x86_64, r-release-macos-arm64, r-oldrel-macos-arm64