CRAN Package Check Results for Package PriorCD

Last updated on 2022-01-27 04:05:32 CET.

Flavor Version Tinstall Tcheck Ttotal Status Flags
r-devel-linux-x86_64-debian-clang 0.1.0 5.82 67.63 73.45 NOTE
r-devel-linux-x86_64-debian-gcc 0.1.0 5.16 51.08 56.24 NOTE
r-devel-linux-x86_64-fedora-clang 0.1.0 87.87 NOTE
r-devel-linux-x86_64-fedora-gcc 0.1.0 75.93 NOTE
r-devel-windows-x86_64-new-UL 0.1.0 24.00 88.00 112.00 NOTE
r-devel-windows-x86_64-new-TK 0.1.0 OK
r-patched-linux-x86_64 0.1.0 5.76 61.14 66.90 NOTE
r-release-linux-x86_64 0.1.0 4.64 60.75 65.39 NOTE
r-release-macos-arm64 0.1.0 OK
r-release-macos-x86_64 0.1.0 OK
r-release-windows-ix86+x86_64 0.1.0 15.00 74.00 89.00 NOTE
r-oldrel-macos-x86_64 0.1.0 OK
r-oldrel-windows-ix86+x86_64 0.1.0 15.00 76.00 91.00 NOTE

Check Details

Version: 0.1.0
Check: package vignettes
Result: NOTE
    Package vignette with placeholder title 'Vignette Title':
     'priorcd.Rmd'
Flavors: r-devel-linux-x86_64-debian-clang, r-devel-linux-x86_64-debian-gcc, r-devel-windows-x86_64-new-UL, r-patched-linux-x86_64, r-release-linux-x86_64, r-release-windows-ix86+x86_64, r-oldrel-windows-ix86+x86_64

Version: 0.1.0
Check: for non-standard things in the check directory
Result: NOTE
    Found the following files/directories:
     'network.html' 'network_files'
Flavors: r-devel-linux-x86_64-debian-clang, r-devel-linux-x86_64-debian-gcc, r-devel-linux-x86_64-fedora-clang, r-devel-linux-x86_64-fedora-gcc, r-patched-linux-x86_64, r-release-linux-x86_64