Last updated on 2021-01-17 11:49:32 CET.
Flavor | Version | Tinstall | Tcheck | Ttotal | Status | Flags |
---|---|---|---|---|---|---|
r-devel-linux-x86_64-debian-clang | 1.1.1 | 2.31 | 27.40 | 29.71 | OK | |
r-devel-linux-x86_64-debian-gcc | 1.1.1 | 2.07 | 21.91 | 23.98 | OK | |
r-devel-linux-x86_64-fedora-clang | 1.1.1 | 45.75 | OK | |||
r-devel-linux-x86_64-fedora-gcc | 1.1.1 | 36.66 | OK | |||
r-devel-windows-ix86+x86_64 | 1.1.1 | 5.00 | 35.00 | 40.00 | OK | |
r-patched-linux-x86_64 | 1.1.1 | 2.37 | 25.98 | 28.35 | OK | |
r-release-linux-x86_64 | 1.1.1 | 2.54 | 26.30 | 28.84 | OK | |
r-release-macos-x86_64 | 1.1.1 | ERROR | ||||
r-release-windows-ix86+x86_64 | 1.1.1 | 5.00 | 34.00 | 39.00 | OK | |
r-oldrel-macos-x86_64 | 1.1.1 | ERROR | ||||
r-oldrel-windows-ix86+x86_64 | 1.1.1 | 5.00 | 33.00 | 38.00 | OK |
Version: 1.1.1
Check: package dependencies
Result: ERROR
Package required but not available: ‘Rsymphony’
See section ‘The DESCRIPTION file’ in the ‘Writing R Extensions’
manual.
Flavors: r-release-macos-x86_64, r-oldrel-macos-x86_64